{"id":821,"date":"2024-05-24T09:01:19","date_gmt":"2024-05-24T07:01:19","guid":{"rendered":"https:\/\/medicosanitario.com\/?post_type=product&#038;p=821"},"modified":"2024-11-05T09:57:40","modified_gmt":"2024-11-05T08:57:40","slug":"crema-elixir-300gr-ultra-nutritiva-y-super-hidratante","status":"publish","type":"product","link":"https:\/\/medicosanitario.com\/index.php\/producto\/crema-elixir-300gr-ultra-nutritiva-y-super-hidratante\/","title":{"rendered":"Crema Elixir 300gr Ultra Nutritiva y Super Hidratante"},"content":{"rendered":"<p>Cream Mousse Aroma Gardenias Tahitianas<\/p>\n<p>Producto Exclusivo Profesionales<\/p>\n<p>Cream Mousse Aroma Gardenias Tahitianas una experiencia \u00fanica Nutrici\u00f3n profunda, hidrataci\u00f3n superior, protecci\u00f3n antioxidante, aumento de la elasticidad, unificaci\u00f3n del tono ,luminosidad y vitalidad<\/p>\n<div class=\"liner-continer\">\n<h4 class=\"woodmart-title-container title wd-fontsize-xxxl\">Nueva Colecci\u00f3n Cream Mousse<\/h4>\n<\/div>\n<div class=\"title-after_title set-cont-mb-s reset-last-child wd-fontsize-s\">\n<p>Descubre la nueva era del cuidado de la piel con la Crema Elixir 300gr Ultra Nutritiva y Super Hidratante &#8211; Cream Mousse Aroma Gardenias Tahitianas<br \/>\nTecnolog\u00eda de vanguardia: Enriquecida con mol\u00e9culas H2O y enzimas bioactivas que penetran profundamente en la piel.<br \/>\nCultivo de nutrientes: Crea un microambiente ideal para la absorci\u00f3n y difusi\u00f3n de nutrientes, revitalizando la piel desde el interior.<br \/>\nHidrataci\u00f3n 72 horas: Mantiene la piel hidratada durante 72 horas despu\u00e9s de su aplicaci\u00f3n, combatiendo la resequedad y los signos de la edad.<br \/>\nTextura ligera y de r\u00e1pida absorci\u00f3n: Se adapta a todo tipo de pieles sin dejar sensaci\u00f3n de grasa.<br \/>\nExcipientes exclusivos: Formulada con ingredientes de la m\u00e1s alta calidad para una experiencia sensorial sin igual.<br \/>\nAroma Gardenias Tahitianas: Disfruta de una fragancia floral intensa, dulce y afrutada que te transporta a un para\u00edso tropical.<\/p>\n<div class=\"liner-continer\">\n<h2 class=\"woodmart-title-container title wd-fontsize-xxxl\">Excipientes Exclusivos<\/h2>\n<\/div>\n<div class=\"title-after_title set-cont-mb-s reset-last-child wd-fontsize-s\">\n<p>La Crema Elixir 300gr Ultra Nutritiva y Super Hidratante &#8211; Cream Mousse Aroma Gardenias Tahitianas una experiencia \u00fanica para tu piel:<br \/>\nExtracto de Arg\u00e1n y Avena:\u00a0Elimina y previene los signos del envejecimiento, efecto antiinflamatorio, propiedades antioxidantes<br \/>\nKarit\u00e9: Hidrata y nutre la piel en profundidad,\u00a0protege la piel de las agresiones externas, propiedades antiinflamatorias<br \/>\nAceite de Oliva: Hidrata y nutre la piel, propiedades antioxidantes, efecto antiinflamatorio<br \/>\nUrea: Hidrata la piel en profundidad, exfolia la piel de forma suave, propiedades antiinflamatorias<br \/>\n\u00c1loe Vera: Hidrata y nutre la piel, propiedades antiinflamatorias, efecto calmante y refrescante<br \/>\nAceite de Mono\u00ef: Hidrata y nutre la piel, propiedades antioxidantes, aroma ex\u00f3tico y relajante<\/p>\n<div class=\"elementor-element elementor-element-ddf37c9 wd-width-100 elementor-widget elementor-widget-wd_title\" data-id=\"ddf37c9\" data-element_type=\"widget\" data-widget_type=\"wd_title.default\">\n<div class=\"elementor-widget-container\">\n<div class=\"title-wrapper set-mb-s reset-last-child wd-title-color-default wd-title-style-default wd-title-size-default text-center\">\n<div class=\"liner-continer\">\n<h4 class=\"woodmart-title-container title wd-fontsize-l\">Crema B.T.S. Beauteous<\/h4>\n<\/div>\n<\/div>\n<\/div>\n<\/div>\n<div class=\"elementor-element elementor-element-33f71da elementor-widget-mobile__width-initial wd-width-100 elementor-widget elementor-widget-wd_title\" data-id=\"33f71da\" data-element_type=\"widget\" data-widget_type=\"wd_title.default\">\n<div class=\"elementor-widget-container\">\n<div class=\"title-wrapper set-mb-s reset-last-child wd-title-color-default wd-title-style-default wd-title-size-default text-center\">\n<div class=\"liner-continer\">\n<h4 class=\"woodmart-title-container title wd-fontsize-l wd-underline-colored\">Ultra Nutritiva y Super Hidratante<\/h4>\n<div class=\"liner-continer\">\n<h4 class=\"woodmart-title-container title wd-fontsize-xxxl\">Aroma Afrutado Gardenias Tahitianas<\/h4>\n<\/div>\n<div class=\"title-after_title set-cont-mb-s reset-last-child wd-fontsize-s\">\n<p>Descubre la experiencia sensorial \u00fanica del Aroma Afrutado Gardenias Tahitianas, una fragancia irresistible que te transporta a un para\u00edso tropical mientras repara y protege tu piel.<br \/>\nRestaura la barrera cut\u00e1nea:\u00a0Protege la piel de las agresiones externas como la contaminaci\u00f3n, el viento y la radiaci\u00f3n solar.<br \/>\nSuper agente antioxidante natural:\u00a0Combate los radicales libres y previene el envejecimiento prematuro de la piel.<br \/>\nAroma afrutado y floral:\u00a0Combina notas dulces y frescas que te transportar\u00e1n a un para\u00edso tropical.<br \/>\nSensaci\u00f3n de bienestar y relax:\u00a0Te envuelve en una atm\u00f3sfera de tranquilidad y armon\u00eda.<\/p>\n<p>Descubre el Aroma Afrutado Gardenias Tahitianas y redefine tu belleza natural.<\/p>\n<hr \/>\n<table width=\"160\">\n<tbody>\n<tr>\n<td width=\"80\"><span style=\"color: #3366ff; font-size: 20px;\"><em>Precio<\/em><\/span><\/td>\n<td width=\"80\"><span style=\"color: #3366ff; font-size: 20px;\">18,00 \u20ac<\/span><\/td>\n<\/tr>\n<\/tbody>\n<\/table>\n<\/div>\n<\/div>\n<\/div>\n<\/div>\n<\/div>\n<\/div>\n<\/div>\n","protected":false},"excerpt":{"rendered":"<p>Cream Mousse Aroma Gardenias Tahitianas Producto Exclusivo Profesionales Cream Mousse Aroma Gardenias Tahitianas una experiencia \u00fanica Nutrici\u00f3n profunda, hidrataci\u00f3n superior, protecci\u00f3n antioxidante, aumento de la elasticidad, unificaci\u00f3n del tono ,luminosidad y vitalidad Nueva Colecci\u00f3n Cream Mousse Descubre la nueva era del cuidado de la piel con la Crema Elixir 300gr Ultra Nutritiva y Super Hidratante [&hellip;]<\/p>\n","protected":false},"featured_media":822,"comment_status":"open","ping_status":"closed","template":"","meta":[],"product_cat":[42,32],"product_tag":[],"class_list":{"0":"post-821","1":"product","2":"type-product","3":"status-publish","4":"has-post-thumbnail","6":"product_cat-https-medicosanitario-com-catalogo","7":"product_cat-cosmetica-y-belleza","9":"first","10":"instock","11":"shipping-taxable","12":"product-type-simple"},"jetpack_sharing_enabled":true,"_links":{"self":[{"href":"https:\/\/medicosanitario.com\/index.php\/wp-json\/wp\/v2\/product\/821","targetHints":{"allow":["GET"]}}],"collection":[{"href":"https:\/\/medicosanitario.com\/index.php\/wp-json\/wp\/v2\/product"}],"about":[{"href":"https:\/\/medicosanitario.com\/index.php\/wp-json\/wp\/v2\/types\/product"}],"replies":[{"embeddable":true,"href":"https:\/\/medicosanitario.com\/index.php\/wp-json\/wp\/v2\/comments?post=821"}],"wp:featuredmedia":[{"embeddable":true,"href":"https:\/\/medicosanitario.com\/index.php\/wp-json\/wp\/v2\/media\/822"}],"wp:attachment":[{"href":"https:\/\/medicosanitario.com\/index.php\/wp-json\/wp\/v2\/media?parent=821"}],"wp:term":[{"taxonomy":"product_cat","embeddable":true,"href":"https:\/\/medicosanitario.com\/index.php\/wp-json\/wp\/v2\/product_cat?post=821"},{"taxonomy":"product_tag","embeddable":true,"href":"https:\/\/medicosanitario.com\/index.php\/wp-json\/wp\/v2\/product_tag?post=821"}],"curies":[{"name":"wp","href":"https:\/\/api.w.org\/{rel}","templated":true}]}}