{"id":790,"date":"2024-05-22T19:46:02","date_gmt":"2024-05-22T17:46:02","guid":{"rendered":"https:\/\/medicosanitario.com\/?post_type=product&#038;p=790"},"modified":"2024-11-04T17:38:54","modified_gmt":"2024-11-04T16:38:54","slug":"canape-fijo-madera","status":"publish","type":"product","link":"https:\/\/medicosanitario.com\/index.php\/producto\/canape-fijo-madera\/","title":{"rendered":"Canap\u00e9 Fijo Madera"},"content":{"rendered":"<h6 class=\"font_6 wixui-rich-text__text\"><span class=\"wixui-rich-text__text\">Caracter\u00edsticas<\/span><\/h6>\n<p class=\"font_8 wixui-rich-text__text\"><span class=\"wixui-rich-text__text\">\u00b7BASTIDOR: Realizado en madera de haya, disponible en color blanco, cerezo y wengue.<\/span><\/p>\n<p class=\"font_8 wixui-rich-text__text\"><span class=\"wixui-rich-text__text\">\u00b7MARCO EXTERIOR: Larguero de haya de 80x25mm con 4 esquineras de madera torneada<\/span><\/p>\n<p class=\"font_8 wixui-rich-text__text\"><span class=\"wixui-rich-text__text\">\u00b7TACOS DE APOYO: Fabricados en Hytrel (elast\u00f3metro de \u00faltima generaci\u00f3n indeformable por el uso) Su eficacia queda reflejada en las lamas, proporcionandoles un soporte firme, el\u00e1stico y adaptable.<\/span><\/p>\n<p class=\"font_8 wixui-rich-text__text\"><span class=\"wixui-rich-text__text\">\u00b7LAMAS: Realizadas en madera de haya natural curvada de 38&#215;12.5mm<\/span><\/p>\n<p class=\"font_8 wixui-rich-text__text\"><span class=\"wixui-rich-text__text\">\u00b7REGULADORES: De firmeza con doble\u00a0 lamina en zona lumbar<\/span><\/p>\n<p class=\"font_8 wixui-rich-text__text\"><span class=\"wixui-rich-text__text\">\u00b7ARQUILLO: De acero cincado<\/span><\/p>\n<p class=\"font_8 wixui-rich-text__text\"><span class=\"wixui-rich-text__text\">\u00b7PATAS: De madera torneadas disponibles en color cerezo, blanco, cambrian y wengue.<\/span><\/p>\n<p class=\"font_8 wixui-rich-text__text\"><span class=\"wixui-rich-text__text\">Caj\u00f3n<\/span><\/p>\n<p class=\"font_8 wixui-rich-text__text\"><span class=\"wixui-rich-text__text\">\u00b7Marco exterior de 260x25mm con 4 esquineras de madera torneadas<\/span><\/p>\n<p class=\"font_8 wixui-rich-text__text\"><span class=\"wixui-rich-text__text\">\u00b72 Travesa\u00f1os de refuerzo 60x25mm<\/span><\/p>\n<p class=\"font_8 wixui-rich-text__text\"><span class=\"wixui-rich-text__text\">\u00b7Fondo de melamina<\/span><\/p>\n<p class=\"font_8 wixui-rich-text__text\"><span class=\"wixui-rich-text__text\">\u00b7Herrajes realizados en acero recubierto con pintura de epoxi recocida en horno. Acabado negro.<\/span><\/p>\n<p class=\"font_8 wixui-rich-text__text\"><span class=\"wixui-rich-text__text\">Disponible en todas las medidas.<\/span><\/p>\n<div class=\"j7pOnl\" data-testid=\"linkElement\"><em><strong>Debido a que trabajamos en todo el territorio Nacional el P.V.P varia seg\u00fan la Comunidad Aut\u00f3noma, (transporte y Montaje).<\/strong><\/em><\/div>\n<div data-testid=\"linkElement\"><em><strong>PVP. CONSULTAR<\/strong><\/em><\/div>\n<p>&nbsp;<\/p>\n","protected":false},"excerpt":{"rendered":"<p>Caracter\u00edsticas \u00b7BASTIDOR: Realizado en madera de haya, disponible en color blanco, cerezo y wengue. \u00b7MARCO EXTERIOR: Larguero de haya de 80x25mm con 4 esquineras de madera torneada \u00b7TACOS DE APOYO: Fabricados en Hytrel (elast\u00f3metro de \u00faltima generaci\u00f3n indeformable por el uso) Su eficacia queda reflejada en las lamas, proporcionandoles un soporte firme, el\u00e1stico y adaptable. [&hellip;]<\/p>\n","protected":false},"featured_media":791,"comment_status":"open","ping_status":"closed","template":"","meta":[],"product_cat":[16,42],"product_tag":[],"class_list":{"0":"post-790","1":"product","2":"type-product","3":"status-publish","4":"has-post-thumbnail","6":"product_cat-somier-y-canape","7":"product_cat-https-medicosanitario-com-catalogo","9":"first","10":"instock","11":"shipping-taxable","12":"product-type-simple"},"jetpack_sharing_enabled":true,"_links":{"self":[{"href":"https:\/\/medicosanitario.com\/index.php\/wp-json\/wp\/v2\/product\/790","targetHints":{"allow":["GET"]}}],"collection":[{"href":"https:\/\/medicosanitario.com\/index.php\/wp-json\/wp\/v2\/product"}],"about":[{"href":"https:\/\/medicosanitario.com\/index.php\/wp-json\/wp\/v2\/types\/product"}],"replies":[{"embeddable":true,"href":"https:\/\/medicosanitario.com\/index.php\/wp-json\/wp\/v2\/comments?post=790"}],"wp:featuredmedia":[{"embeddable":true,"href":"https:\/\/medicosanitario.com\/index.php\/wp-json\/wp\/v2\/media\/791"}],"wp:attachment":[{"href":"https:\/\/medicosanitario.com\/index.php\/wp-json\/wp\/v2\/media?parent=790"}],"wp:term":[{"taxonomy":"product_cat","embeddable":true,"href":"https:\/\/medicosanitario.com\/index.php\/wp-json\/wp\/v2\/product_cat?post=790"},{"taxonomy":"product_tag","embeddable":true,"href":"https:\/\/medicosanitario.com\/index.php\/wp-json\/wp\/v2\/product_tag?post=790"}],"curies":[{"name":"wp","href":"https:\/\/api.w.org\/{rel}","templated":true}]}}