{"id":429,"date":"2024-05-13T19:42:48","date_gmt":"2024-05-13T17:42:48","guid":{"rendered":"https:\/\/medicosanitario.com\/?post_type=product&#038;p=429"},"modified":"2024-11-05T10:41:01","modified_gmt":"2024-11-05T09:41:01","slug":"pure-hyaluronic-elixir","status":"publish","type":"product","link":"https:\/\/medicosanitario.com\/index.php\/producto\/pure-hyaluronic-elixir\/","title":{"rendered":"PURE HYALURONIC ELIXIR"},"content":{"rendered":"<p class=\"resumen flecha \" title=\"Resumen - PURE HYALURONIC ELIXIR\">Serum Bio Concentrado Antiedad con \u00c1cido Hialur\u00f3nico<\/p>\n<p><strong>Descripci\u00f3n:<\/strong><\/p>\n<p><strong>PURE HYALURONIC ELIXIR<\/strong>\u00a0es un potente s\u00e9rum bio antiedad que ayuda a la piel a retener las mol\u00e9culas de agua gracias a la alta concentraci\u00f3n de \u00c1cido Hialur\u00f3nico de alto y bajo peso molecular.<\/p>\n<p>Esto favorece una hidrataci\u00f3n profunda, permite reducir visiblemente las arrugas, hace que la piel se vea m\u00e1s luminosa y aterciopelada y combate los radicales libres que provocan el envejecimiento de la piel.<\/p>\n<p>&nbsp;<\/p>\n<p><strong>Consejos para su utilizaci\u00f3n:<\/strong><\/p>\n<p>Se recomienda aplicar\u00a0<strong>PURE HYALURONIC ELIXIR<\/strong>\u00a0una o m\u00e1s veces al d\u00eda, tambi\u00e9n como base de maquillaje gracias a su r\u00e1pida absorci\u00f3n.<\/p>\n<p>&nbsp;<\/p>\n<p><strong>Composici\u00f3n:<\/strong><\/p>\n<p><strong>Aloe Barbadensis leaf extract*<\/strong>, Glycerin, Sodium Hyaluronate, Betaine, Xylitylglucoside, Anhydroxylitol, Xylitol, Acacia Senegal gum, Xanthan Gum, Parfum, Mica, Silica, Titanium Dioxide, Algin, Citric Acid, Sodium Dehydroacetate, Benzyl Alcohol, Salicylic Acid, Sorbic Acid.<\/p>\n<p><strong>* Ingredientes procedentes de Agricultura Ecol\u00f3gica.<\/strong><\/p>\n<p>Sin conservantes de s\u00edntesis no autorizados (parabenos, fenoxietanol, SLS, EDTA, DMDM&#8230;). Sin siliconas. Sin parafinas ni derivados del petr\u00f3leo. Sin colorantes ni perfumes de s\u00edntesis. Sin alcohol. No testado en animales. Adecuado para veganos. Formulado para respetar la piel sensible.<\/p>\n<p>&nbsp;<\/p>\n<p><strong>Presentaci\u00f3n:<\/strong><\/p>\n<p>Botella Spray 30 ml<\/p>\n<hr \/>\n<div id=\"capa_descripcion\" class=\"descripcion \" title=\"Descripci\ufffdn - PURE HYALURONIC ELIXIR\">\n<table width=\"160\">\n<tbody>\n<tr>\n<td width=\"80\"><span style=\"color: #3366ff; font-size: 20px;\"><em>Precio<\/em><\/span><\/td>\n<td width=\"80\"><span style=\"color: #3366ff; font-size: 20px;\">24,00 \u20ac<\/span><\/td>\n<\/tr>\n<\/tbody>\n<\/table>\n<\/div>\n","protected":false},"excerpt":{"rendered":"<p>Serum Bio Concentrado Antiedad con \u00c1cido Hialur\u00f3nico Descripci\u00f3n: PURE HYALURONIC ELIXIR\u00a0es un potente s\u00e9rum bio antiedad que ayuda a la piel a retener las mol\u00e9culas de agua gracias a la alta concentraci\u00f3n de \u00c1cido Hialur\u00f3nico de alto y bajo peso molecular. Esto favorece una hidrataci\u00f3n profunda, permite reducir visiblemente las arrugas, hace que la piel [&hellip;]<\/p>\n","protected":false},"featured_media":771,"comment_status":"open","ping_status":"closed","template":"","meta":[],"product_cat":[42,32],"product_tag":[],"class_list":{"0":"post-429","1":"product","2":"type-product","3":"status-publish","4":"has-post-thumbnail","6":"product_cat-https-medicosanitario-com-catalogo","7":"product_cat-cosmetica-y-belleza","9":"first","10":"instock","11":"shipping-taxable","12":"product-type-simple"},"jetpack_sharing_enabled":true,"_links":{"self":[{"href":"https:\/\/medicosanitario.com\/index.php\/wp-json\/wp\/v2\/product\/429","targetHints":{"allow":["GET"]}}],"collection":[{"href":"https:\/\/medicosanitario.com\/index.php\/wp-json\/wp\/v2\/product"}],"about":[{"href":"https:\/\/medicosanitario.com\/index.php\/wp-json\/wp\/v2\/types\/product"}],"replies":[{"embeddable":true,"href":"https:\/\/medicosanitario.com\/index.php\/wp-json\/wp\/v2\/comments?post=429"}],"wp:featuredmedia":[{"embeddable":true,"href":"https:\/\/medicosanitario.com\/index.php\/wp-json\/wp\/v2\/media\/771"}],"wp:attachment":[{"href":"https:\/\/medicosanitario.com\/index.php\/wp-json\/wp\/v2\/media?parent=429"}],"wp:term":[{"taxonomy":"product_cat","embeddable":true,"href":"https:\/\/medicosanitario.com\/index.php\/wp-json\/wp\/v2\/product_cat?post=429"},{"taxonomy":"product_tag","embeddable":true,"href":"https:\/\/medicosanitario.com\/index.php\/wp-json\/wp\/v2\/product_tag?post=429"}],"curies":[{"name":"wp","href":"https:\/\/api.w.org\/{rel}","templated":true}]}}