{"id":426,"date":"2024-05-13T19:38:38","date_gmt":"2024-05-13T17:38:38","guid":{"rendered":"https:\/\/medicosanitario.com\/?post_type=product&#038;p=426"},"modified":"2024-11-05T10:41:14","modified_gmt":"2024-11-05T09:41:14","slug":"pure-hyaluronic-super-cream","status":"publish","type":"product","link":"https:\/\/medicosanitario.com\/index.php\/producto\/pure-hyaluronic-super-cream\/","title":{"rendered":"PURE HYALURONIC SUPER CREAM"},"content":{"rendered":"<p>Crema Facial Bio Intensiva Antiedad con \u00c1cido Hialur\u00f3nico<\/p>\n<p><strong>Descripci\u00f3n:<\/strong><\/p>\n<p><strong>PURE HYALURONIC SUPER CREAM<\/strong>\u00a0se caracteriza no solo por la presencia de extractos org\u00e1nicos como el Aloe Vera, el Aceite de Almendras Dulces, el Aceite de Jojoba, el Aceite de Oliva y la Manteca de Karit\u00e9, sino tambi\u00e9n por la alta concentraci\u00f3n de \u00c1cido Hialur\u00f3nico.<\/p>\n<p>Este \u00faltimo representa la punta de lanza de los tratamientos antiedad, que, junto con el Aceite de Higo Chumbo y el Aceite de Semilla de Uva, conocidos por sus importantes propiedades regeneradoras, calmantes, reestructurantes y reafirmantes, son capaces de frenar el envejecimiento cut\u00e1neo, atenuando las arrugas y otros signos de la edad.<\/p>\n<p><strong>PURE HYALURONIC SUPER CREAM<\/strong>\u00a0restaura inmediatamente la piel relajada a su elasticidad y sedosidad originales.<\/p>\n<p>&nbsp;<\/p>\n<p><strong>Consejos para su utilizaci\u00f3n:<\/strong><\/p>\n<p><strong>PURE HYALURONIC SUPER CREAM<\/strong>\u00a0debe aplicarse, si es posible, por la noche antes de acostarse para contrarrestar los da\u00f1os acumulados durante el d\u00eda.<\/p>\n<p>&nbsp;<\/p>\n<p><strong>Composici\u00f3n:<\/strong><\/p>\n<p>Aqua,\u00a0<strong>Aloe Barbadensis leaf extract*<\/strong>,\u00a0<strong>Olea Europaea fruit extract*<\/strong>,\u00a0<strong>Prunus Amygdalus dulcis oil*<\/strong>,\u00a0<strong>Simmondsia chinensis seed oil*<\/strong>,\u00a0<strong>Butyrospermum Parkii butter*<\/strong>, Sucrose Polystearate , Sodium Hyaluronate, Punica Granatum seed oil, Vitis Vinifera seed oil, Opuntia ficus indica seed oil, Cetearyl Alcohol,Glycerin, Cetyl Palmitate, Cocoglycerides, Caprylic\/Capric Triglyceride, Coco-Caprylate, Tocopherol, Tocopheryl Acetate, Acacia Senegal gum, Xanthan Gum, Algin, Sodium Dehydroacetate, Parfum,Mica, Titanium Dioxide, Silica, Citric Acid, Benzyl Alcohol, Salicylic Acid, Sorbic Acid, Limonene, Linalool.<\/p>\n<p><strong>* Ingredientes procedentes de Agricultura Ecol\u00f3gica.<\/strong><\/p>\n<p>Sin conservantes de s\u00edntesis no autorizados (parabenos, fenoxietanol, SLS, EDTA, DMDM&#8230;). Sin siliconas. Sin parafinas ni derivados del petr\u00f3leo. Sin colorantes ni perfumes de s\u00edntesis. Sin alcohol. No testado en animales. Adecuado para veganos. Formulado para respetar la piel sensible.<\/p>\n<p><strong>Presentaci\u00f3n:<\/strong><\/p>\n<p>Botella Spray 50 ml<\/p>\n<hr \/>\n<table width=\"160\">\n<tbody>\n<tr>\n<td width=\"80\"><span style=\"color: #3366ff; font-size: 20px;\"><em>Precio<\/em><\/span><\/td>\n<td width=\"80\"><span style=\"color: #3366ff; font-size: 20px;\">24,00 \u20ac<\/span><\/td>\n<\/tr>\n<\/tbody>\n<\/table>\n","protected":false},"excerpt":{"rendered":"<p>Crema Facial Bio Intensiva Antiedad con \u00c1cido Hialur\u00f3nico Descripci\u00f3n: PURE HYALURONIC SUPER CREAM\u00a0se caracteriza no solo por la presencia de extractos org\u00e1nicos como el Aloe Vera, el Aceite de Almendras Dulces, el Aceite de Jojoba, el Aceite de Oliva y la Manteca de Karit\u00e9, sino tambi\u00e9n por la alta concentraci\u00f3n de \u00c1cido Hialur\u00f3nico. Este \u00faltimo [&hellip;]<\/p>\n","protected":false},"featured_media":776,"comment_status":"open","ping_status":"closed","template":"","meta":[],"product_cat":[42,32],"product_tag":[],"class_list":{"0":"post-426","1":"product","2":"type-product","3":"status-publish","4":"has-post-thumbnail","6":"product_cat-https-medicosanitario-com-catalogo","7":"product_cat-cosmetica-y-belleza","9":"first","10":"instock","11":"shipping-taxable","12":"product-type-simple"},"jetpack_sharing_enabled":true,"_links":{"self":[{"href":"https:\/\/medicosanitario.com\/index.php\/wp-json\/wp\/v2\/product\/426","targetHints":{"allow":["GET"]}}],"collection":[{"href":"https:\/\/medicosanitario.com\/index.php\/wp-json\/wp\/v2\/product"}],"about":[{"href":"https:\/\/medicosanitario.com\/index.php\/wp-json\/wp\/v2\/types\/product"}],"replies":[{"embeddable":true,"href":"https:\/\/medicosanitario.com\/index.php\/wp-json\/wp\/v2\/comments?post=426"}],"wp:featuredmedia":[{"embeddable":true,"href":"https:\/\/medicosanitario.com\/index.php\/wp-json\/wp\/v2\/media\/776"}],"wp:attachment":[{"href":"https:\/\/medicosanitario.com\/index.php\/wp-json\/wp\/v2\/media?parent=426"}],"wp:term":[{"taxonomy":"product_cat","embeddable":true,"href":"https:\/\/medicosanitario.com\/index.php\/wp-json\/wp\/v2\/product_cat?post=426"},{"taxonomy":"product_tag","embeddable":true,"href":"https:\/\/medicosanitario.com\/index.php\/wp-json\/wp\/v2\/product_tag?post=426"}],"curies":[{"name":"wp","href":"https:\/\/api.w.org\/{rel}","templated":true}]}}