{"id":425,"date":"2024-05-13T19:36:07","date_gmt":"2024-05-13T17:36:07","guid":{"rendered":"https:\/\/medicosanitario.com\/?post_type=product&#038;p=425"},"modified":"2024-11-05T10:42:46","modified_gmt":"2024-11-05T09:42:46","slug":"beautyfood-skin-energy-booster","status":"publish","type":"product","link":"https:\/\/medicosanitario.com\/index.php\/producto\/beautyfood-skin-energy-booster\/","title":{"rendered":"BEAUTYFOOD SKIN ENERGY BOOSTER"},"content":{"rendered":"<p>Crema Bio Hidratante, Nutritiva y Rejuvenecedora<\/p>\n<p><strong>Descripci\u00f3n:<\/strong><\/p>\n<p><strong>BEAUTYFOOD SKIN ENERGY BOOSTER<\/strong>\u00a0es el potenciador de energ\u00eda para tu piel capaz de transformar su apariencia, seduciendo tus cinco sentidos.<\/p>\n<p>Desde la primera aplicaci\u00f3n, la piel tiene un aspecto m\u00e1s luminoso, m\u00e1s joven y est\u00e1 visiblemente m\u00e1s lisa y aterciopelada, m\u00e1s el\u00e1stica y tonificada, m\u00e1s suave y tersa.<\/p>\n<p>El 95% de los ingredientes son org\u00e1nicos, cultivados y extra\u00eddos en nuestros laboratorios respetando los m\u00e1s altos est\u00e1ndares de sostenibilidad y biodiversidad. La potente formulaci\u00f3n se basa en los cuatro elementos de por vida (Trigo, Aceite de Oliva, Vino y Aloe Vera) que ejercen una fuerte acci\u00f3n hidratante y calmante junto con una fuerte actividad antipoluci\u00f3n.<\/p>\n<p>La f\u00f3rmula est\u00e1 adem\u00e1s enriquecida con extractos org\u00e1nicos de Tabaco, Higo Chumbo, Alcaparra y Hojas de Olivo ricos en polisac\u00e1ridos, biofenoles y flavonoides con acci\u00f3n antienvejecimiento y calmante; extractos de naranja y lavanda con propiedades relajantes y desintoxicantes; Aceite de jojoba y manteca de Karit\u00e9 que ejercen una importante acci\u00f3n elastizante y aclarante.<\/p>\n<p>Lo m\u00e1s innovador de\u00a0<strong>BEAUTYFOOD SKIN ENERGY BOOSTER<\/strong>\u00a0es su car\u00e1cter polivalente, extremadamente vers\u00e1til y apto para m\u00faltiples necesidades al mismo tiempo. Es un perfecto humectante para la piel, antes del sol, para despu\u00e9s del afeitado, refrescante, t\u00f3nico y base de maquillaje.<\/p>\n<p>&nbsp;<\/p>\n<p><strong>Consejos para su utilizaci\u00f3n:<\/strong><\/p>\n<p>Aplicar con la yema de los dedos sobre la piel limpia. Ideal tanto para la cara como para el cuerpo,\u00a0<strong>BEAUTYFOOD SKIN ENERGY BOOSTER<\/strong>\u00a0es una soluci\u00f3n urbana todo en uno perfecta para hidratar, nutrir y rejuvenecer la piel con una importante acci\u00f3n antipoluci\u00f3n.<\/p>\n<p>Aplicar una cantidad generosa de\u00a0<strong>BEAUTYFOOD SKIN ENERGY BOOSTER<\/strong>\u00a0sobre la piel y masajear suavemente hasta su completa absorci\u00f3n.<\/p>\n<p>No es graso y la piel lo absorbe r\u00e1pidamente gracias a su textura ligera y delicada.<\/p>\n<p>&nbsp;<\/p>\n<p><strong>Composici\u00f3n:<\/strong><\/p>\n<p>Aqua,\u00a0<strong>Aloe Barbadensis Leaf Extract*<\/strong>, Glycerin,\u00a0<strong>Olea Europaea Fruit Extract*<\/strong>,\u00a0<strong>Simmondsia Chinensis Seed Oil*<\/strong>,\u00a0<strong>Butyrospermum Parkii Butter*<\/strong>, Cetearyl Alcohol,\u00a0<strong>Nicotiana Tabacum Leaf Extract*<\/strong>, Vitis Vinifera Seed Oil,\u00a0<strong>Lavandula Angustifolia Flower Extract*<\/strong>,\u00a0<strong>Citrus Aurantium Dulcis Peel Extract*<\/strong>,\u00a0<strong>Triticum Vulgare Germ Oil*<\/strong>, Capparis Spinosa fruit extract, Opuntia ficus-indica extract, Olea Europaea leaf extract, Betaine, Acacia Senegal Gum, Benzyl Alcohol, Salicylic Acid, Sorbic Acid, Sodium Dehydroacetate, Xanthan Gum, Maltodextrin, Algin, Citric Acid, Limonene, Linalool.<\/p>\n<p><strong>* Ingredientes procedentes de Agricultura Ecol\u00f3gica.<\/strong><\/p>\n<p>Sin conservantes de s\u00edntesis no autorizados (parabenos, fenoxietanol, SLS, EDTA, DMDM&#8230;). Sin siliconas. Sin parafinas ni derivados del petr\u00f3leo. Sin colorantes ni perfumes de s\u00edntesis. Sin alcohol. No testado en animales. Adecuado para veganos. Formulado para respetar la piel sensible.<\/p>\n<p><strong>Presentaci\u00f3n:<\/strong><\/p>\n<p>Botella Spray 100 ml<\/p>\n<hr \/>\n<table width=\"160\">\n<tbody>\n<tr>\n<td width=\"80\"><span style=\"color: #3366ff; font-size: 20px;\"><em>Precio<\/em><\/span><\/td>\n<td width=\"80\"><span style=\"color: #3366ff; font-size: 20px;\">15,00 \u20ac<\/span><\/td>\n<\/tr>\n<\/tbody>\n<\/table>\n","protected":false},"excerpt":{"rendered":"<p>Crema Bio Hidratante, Nutritiva y Rejuvenecedora Descripci\u00f3n: BEAUTYFOOD SKIN ENERGY BOOSTER\u00a0es el potenciador de energ\u00eda para tu piel capaz de transformar su apariencia, seduciendo tus cinco sentidos. Desde la primera aplicaci\u00f3n, la piel tiene un aspecto m\u00e1s luminoso, m\u00e1s joven y est\u00e1 visiblemente m\u00e1s lisa y aterciopelada, m\u00e1s el\u00e1stica y tonificada, m\u00e1s suave y tersa. [&hellip;]<\/p>\n","protected":false},"featured_media":777,"comment_status":"open","ping_status":"closed","template":"","meta":[],"product_cat":[42,32],"product_tag":[],"class_list":{"0":"post-425","1":"product","2":"type-product","3":"status-publish","4":"has-post-thumbnail","6":"product_cat-https-medicosanitario-com-catalogo","7":"product_cat-cosmetica-y-belleza","9":"first","10":"instock","11":"shipping-taxable","12":"product-type-simple"},"jetpack_sharing_enabled":true,"_links":{"self":[{"href":"https:\/\/medicosanitario.com\/index.php\/wp-json\/wp\/v2\/product\/425","targetHints":{"allow":["GET"]}}],"collection":[{"href":"https:\/\/medicosanitario.com\/index.php\/wp-json\/wp\/v2\/product"}],"about":[{"href":"https:\/\/medicosanitario.com\/index.php\/wp-json\/wp\/v2\/types\/product"}],"replies":[{"embeddable":true,"href":"https:\/\/medicosanitario.com\/index.php\/wp-json\/wp\/v2\/comments?post=425"}],"wp:featuredmedia":[{"embeddable":true,"href":"https:\/\/medicosanitario.com\/index.php\/wp-json\/wp\/v2\/media\/777"}],"wp:attachment":[{"href":"https:\/\/medicosanitario.com\/index.php\/wp-json\/wp\/v2\/media?parent=425"}],"wp:term":[{"taxonomy":"product_cat","embeddable":true,"href":"https:\/\/medicosanitario.com\/index.php\/wp-json\/wp\/v2\/product_cat?post=425"},{"taxonomy":"product_tag","embeddable":true,"href":"https:\/\/medicosanitario.com\/index.php\/wp-json\/wp\/v2\/product_tag?post=425"}],"curies":[{"name":"wp","href":"https:\/\/api.w.org\/{rel}","templated":true}]}}